{"id":156,"date":"2025-10-12T17:26:29","date_gmt":"2025-10-12T17:26:29","guid":{"rendered":"https:\/\/rapilim.com.ar\/?page_id=156"},"modified":"2026-03-05T18:58:05","modified_gmt":"2026-03-05T18:58:05","slug":"servicios","status":"publish","type":"page","link":"https:\/\/rapilim.com.ar\/?page_id=156","title":{"rendered":"Servicios"},"content":{"rendered":"\t\t<div data-elementor-type=\"wp-post\" data-elementor-id=\"156\" class=\"elementor elementor-156\">\n\t\t\t\t<div class=\"elementor-element elementor-element-994e74d e-flex e-con-boxed elementor-invisible e-con e-parent\" data-id=\"994e74d\" data-element_type=\"container\" data-e-type=\"container\" data-settings=\"{&quot;background_background&quot;:&quot;gradient&quot;,&quot;shape_divider_bottom&quot;:&quot;zigzag&quot;,&quot;animation&quot;:&quot;fadeInDown&quot;}\">\n\t\t\t\t\t<div class=\"e-con-inner\">\n\t\t\t\t<div class=\"elementor-shape elementor-shape-bottom\" aria-hidden=\"true\" data-negative=\"false\">\n\t\t\t<svg xmlns=\"http:\/\/www.w3.org\/2000\/svg\" viewBox=\"0 0 1800 5.8\" preserveAspectRatio=\"none\">\n  <path class=\"elementor-shape-fill\" d=\"M5.4.4l5.4 5.3L16.5.4l5.4 5.3L27.5.4 33 5.7 38.6.4l5.5 5.4h.1L49.9.4l5.4 5.3L60.9.4l5.5 5.3L72 .4l5.5 5.3L83.1.4l5.4 5.3L94.1.4l5.5 5.4h.2l5.6-5.4 5.5 5.3 5.6-5.3 5.4 5.3 5.6-5.3 5.5 5.3 5.6-5.3 5.5 5.4h.2l5.6-5.4 5.4 5.3L161 .4l5.4 5.3L172 .4l5.5 5.3 5.6-5.3 5.4 5.3 5.7-5.3 5.4 5.4h.2l5.6-5.4 5.5 5.3 5.6-5.3 5.5 5.3 5.6-5.3 5.4 5.3 5.6-5.3 5.5 5.4h.2l5.6-5.4 5.5 5.3L261 .4l5.4 5.3L272 .4l5.5 5.3 5.6-5.3 5.5 5.3 5.6-5.3 5.5 5.4h.1l5.7-5.4 5.4 5.3 5.6-5.3 5.5 5.3 5.6-5.3 5.4 5.3 5.7-5.3 5.4 5.4h.2l5.6-5.4 5.5 5.3L361 .4l5.5 5.3 5.6-5.3 5.4 5.3 5.6-5.3 5.5 5.3 5.6-5.3 5.5 5.4h.1l5.7-5.4 5.4 5.3 5.6-5.3 5.5 5.3 5.6-5.3 5.5 5.3 5.6-5.3 5.5 5.4h.1l5.6-5.4 5.5 5.3L461 .4l5.5 5.3 5.6-5.3 5.4 5.3 5.7-5.3 5.4 5.3 5.6-5.3 5.5 5.4h.2l5.6-5.4 5.5 5.3 5.6-5.3 5.4 5.3 5.6-5.3 5.5 5.3 5.6-5.3 5.5 5.4h.1L550 .4l5.4 5.3L561 .4l5.5 5.3 5.6-5.3 5.5 5.3 5.6-5.3 5.4 5.3 5.6-5.3 5.5 5.4h.2l5.6-5.4 5.5 5.3 5.6-5.3 5.4 5.3 5.7-5.3 5.4 5.3 5.6-5.3 5.5 5.4h.2L650 .4l5.5 5.3 5.6-5.3 5.4 5.3 5.6-5.3 5.5 5.3 5.6-5.3 5.5 5.3 5.6-5.3 5.4 5.4h.2l5.6-5.4 5.5 5.3 5.6-5.3 5.5 5.3 5.6-5.3 5.4 5.3 5.6-5.3 5.5 5.4h.2L750 .4l5.5 5.3 5.6-5.3 5.4 5.3 5.7-5.3 5.4 5.3 5.6-5.3 5.5 5.3 5.6-5.3 5.5 5.4h.1l5.7-5.4 5.4 5.3 5.6-5.3 5.5 5.3 5.6-5.3 5.5 5.3 5.6-5.3 5.4 5.4h.2L850 .4l5.5 5.3 5.6-5.3 5.5 5.3 5.6-5.3 5.4 5.3 5.6-5.3 5.5 5.3 5.6-5.3 5.5 5.4h.2l5.6-5.4 5.4 5.3 5.7-5.3 5.4 5.3 5.6-5.3 5.5 5.3 5.6-5.3 5.5 5.4h.1l5.7-5.4 5.4 5.3 5.6-5.3 5.5 5.3 5.6-5.3 5.5 5.3 5.6-5.3 5.4 5.3 5.6-5.3 5.5 5.4h.2l5.6-5.4 5.5 5.3 5.6-5.3 5.4 5.3 5.6-5.3 5.5 5.3 5.6-5.3 5.5 5.4h.2l5.6-5.4 5.4 5.3 5.7-5.3 5.4 5.3 5.6-5.3 5.5 5.3 5.6-5.3 5.5 5.3 5.6-5.3 5.4 5.4h.2l5.6-5.4 5.5 5.3 5.6-5.3 5.5 5.3 5.6-5.3 5.4 5.3 5.6-5.3 5.5 5.4h.2l5.6-5.4 5.5 5.3 5.6-5.3 5.4 5.3 5.6-5.3 5.5 5.3 5.6-5.3 5.5 5.3 5.6-5.3 5.5 5.4h.1l5.7-5.4 5.4 5.3 5.6-5.3 5.5 5.3 5.6-5.3 5.5 5.3 5.6-5.3 5.4 5.4h.2l5.6-5.4 5.5 5.3 5.6-5.3 5.5 5.3 5.6-5.3 5.4 5.3 5.6-5.3 5.5 5.3 5.6-5.3 5.5 5.4h.2l5.6-5.4 5.4 5.3 5.6-5.3 5.5 5.3 5.6-5.3 5.5 5.3 5.6-5.3 5.5 5.4h.1l5.7-5.4 5.4 5.3 5.6-5.3 5.5 5.3 5.6-5.3 5.5 5.3 5.6-5.3 5.4 5.3 5.6-5.3 5.5 5.4h.2l5.6-5.4 5.5 5.3 5.6-5.3 5.4 5.3 5.6-5.3 5.5 5.3 5.6-5.3 5.5 5.4h.2l5.6-5.4 5.4 5.3 5.6-5.3 5.5 5.3 5.6-5.3 5.5 5.3 5.6-5.3 5.4 5.3 5.7-5.3 5.4 5.4h.2l5.6-5.4 5.5 5.3 5.6-5.3 5.5 5.3 5.6-5.3 5.4 5.3 5.6-5.3 5.5 5.4h.2l5.6-5.4 5.5 5.3 5.6-5.3 5.4 5.3 5.6-5.3 5.5 5.3 5.6-5.3 5.5 5.3 5.6-5.3 5.5 5.4h.1l5.6-5.4 5.5 5.3 5.6-5.3 5.5 5.3 5.6-5.3 5.4 5.3 5.7-5.3 5.4 5.4h.2l5.6-5.4 5.5 5.3 5.6-5.3 5.5 5.3 5.6-5.3 5.4 5.3 5.6-5.3 5.5 5.3 5.6-5.3 5.5 5.4h.1l5.7-5.4 5.4 5.3 5.6-5.3 5.5 5.3 5.6-5.3 5.5 5.3 5.6-5.3 5.5 5.4h.1l5.6-5.4 5.5 5.3 5.6-5.3 5.5 5.3 5.6-5.3 5.4 5.3 5.7-5.3 5.4 5.3 5.6-5.3 5.5 5.4V0H-.2v5.8z\"\/>\n<\/svg>\n\t\t<\/div>\n\t\t\t\t<div class=\"elementor-element elementor-element-f68998d elementor-widget elementor-widget-heading\" data-id=\"f68998d\" data-element_type=\"widget\" data-e-type=\"widget\" data-widget_type=\"heading.default\">\n\t\t\t\t\t<h2 class=\"elementor-heading-title elementor-size-default\">Servicios<\/h2>\t\t\t\t<\/div>\n\t\t\t\t<div class=\"elementor-element elementor-element-ad7cdfa elementor-widget elementor-widget-text-editor\" data-id=\"ad7cdfa\" data-element_type=\"widget\" data-e-type=\"widget\" data-widget_type=\"text-editor.default\">\n\t\t\t\t\t\t\t\t\t<p>Desarrollamos soluciones integrales para el cuidado, mantenimiento y optimizaci\u00f3n de espacios en distintos sectores.<\/p>\t\t\t\t\t\t\t\t<\/div>\n\t\t\t\t\t<\/div>\n\t\t\t\t<\/div>\n\t\t<div class=\"elementor-element elementor-element-e3a60c8 e-grid e-con-boxed e-con e-parent\" data-id=\"e3a60c8\" data-element_type=\"container\" data-e-type=\"container\">\n\t\t\t\t\t<div class=\"e-con-inner\">\n\t\t\t\t<div class=\"elementor-element elementor-element-ae5cc04 elementor-position-top elementor-widget elementor-widget-image-box\" data-id=\"ae5cc04\" data-element_type=\"widget\" data-e-type=\"widget\" data-widget_type=\"image-box.default\">\n\t\t\t\t\t<div class=\"elementor-image-box-wrapper\"><figure class=\"elementor-image-box-img\"><img fetchpriority=\"high\" decoding=\"async\" width=\"800\" height=\"800\" src=\"https:\/\/rapilim.com.ar\/wp-content\/uploads\/2025\/11\/FOTO-OFICINA.jpg\" class=\"elementor-animation-bounce-in attachment-large size-large wp-image-220\" alt=\"\" srcset=\"https:\/\/rapilim.com.ar\/wp-content\/uploads\/2025\/11\/FOTO-OFICINA.jpg 800w, https:\/\/rapilim.com.ar\/wp-content\/uploads\/2025\/11\/FOTO-OFICINA-300x300.jpg 300w, https:\/\/rapilim.com.ar\/wp-content\/uploads\/2025\/11\/FOTO-OFICINA-150x150.jpg 150w, https:\/\/rapilim.com.ar\/wp-content\/uploads\/2025\/11\/FOTO-OFICINA-768x768.jpg 768w\" sizes=\"(max-width: 800px) 100vw, 800px\" \/><\/figure><div class=\"elementor-image-box-content\"><h3 class=\"elementor-image-box-title\">OFICINAS<\/h3><p class=\"elementor-image-box-description\">Transformamos oficinas en espacios donde\nla limpieza se nota y el trabajo fluye mejor.\n<\/p><\/div><\/div>\t\t\t\t<\/div>\n\t\t\t\t<div class=\"elementor-element elementor-element-dcb8406 elementor-position-top elementor-widget elementor-widget-image-box\" data-id=\"dcb8406\" data-element_type=\"widget\" data-e-type=\"widget\" data-widget_type=\"image-box.default\">\n\t\t\t\t\t<div class=\"elementor-image-box-wrapper\"><figure class=\"elementor-image-box-img\"><img decoding=\"async\" width=\"800\" height=\"800\" src=\"https:\/\/rapilim.com.ar\/wp-content\/uploads\/2025\/11\/FOTO-INDUSTRIA.jpg\" class=\"elementor-animation-bounce-in attachment-full size-full wp-image-227\" alt=\"\" srcset=\"https:\/\/rapilim.com.ar\/wp-content\/uploads\/2025\/11\/FOTO-INDUSTRIA.jpg 800w, https:\/\/rapilim.com.ar\/wp-content\/uploads\/2025\/11\/FOTO-INDUSTRIA-300x300.jpg 300w, https:\/\/rapilim.com.ar\/wp-content\/uploads\/2025\/11\/FOTO-INDUSTRIA-150x150.jpg 150w, https:\/\/rapilim.com.ar\/wp-content\/uploads\/2025\/11\/FOTO-INDUSTRIA-768x768.jpg 768w\" sizes=\"(max-width: 800px) 100vw, 800px\" \/><\/figure><div class=\"elementor-image-box-content\"><h3 class=\"elementor-image-box-title\">INDUSTRIAS<\/h3><p class=\"elementor-image-box-description\">Aseguramos limpieza en f\u00e1bricas y plantas,\nincluso durante la producci\u00f3n, cuidando la\nmaquinaria hasta los espacios comunes.\n<\/p><\/div><\/div>\t\t\t\t<\/div>\n\t\t\t\t<div class=\"elementor-element elementor-element-47a7d0e elementor-position-top elementor-widget elementor-widget-image-box\" data-id=\"47a7d0e\" data-element_type=\"widget\" data-e-type=\"widget\" data-widget_type=\"image-box.default\">\n\t\t\t\t\t<div class=\"elementor-image-box-wrapper\"><figure class=\"elementor-image-box-img\"><img decoding=\"async\" width=\"800\" height=\"800\" src=\"https:\/\/rapilim.com.ar\/wp-content\/uploads\/2025\/11\/FOTO-BANCO.jpg\" class=\"elementor-animation-bounce-in attachment-full size-full wp-image-228\" alt=\"\" srcset=\"https:\/\/rapilim.com.ar\/wp-content\/uploads\/2025\/11\/FOTO-BANCO.jpg 800w, https:\/\/rapilim.com.ar\/wp-content\/uploads\/2025\/11\/FOTO-BANCO-300x300.jpg 300w, https:\/\/rapilim.com.ar\/wp-content\/uploads\/2025\/11\/FOTO-BANCO-150x150.jpg 150w, https:\/\/rapilim.com.ar\/wp-content\/uploads\/2025\/11\/FOTO-BANCO-768x768.jpg 768w\" sizes=\"(max-width: 800px) 100vw, 800px\" \/><\/figure><div class=\"elementor-image-box-content\"><h3 class=\"elementor-image-box-title\">BANCOS<\/h3><p class=\"elementor-image-box-description\">Logramos que las entidades financieras mantengan un entorno limpio, ordenado y acorde a la confianza que transmiten.\n<\/p><\/div><\/div>\t\t\t\t<\/div>\n\t\t\t\t<div class=\"elementor-element elementor-element-439ec7d elementor-position-top elementor-widget elementor-widget-image-box\" data-id=\"439ec7d\" data-element_type=\"widget\" data-e-type=\"widget\" data-widget_type=\"image-box.default\">\n\t\t\t\t\t<div class=\"elementor-image-box-wrapper\"><figure class=\"elementor-image-box-img\"><img loading=\"lazy\" decoding=\"async\" width=\"800\" height=\"800\" src=\"https:\/\/rapilim.com.ar\/wp-content\/uploads\/2025\/11\/FOTO-CENTROS-DE-SALUD.jpg\" class=\"elementor-animation-bounce-in attachment-full size-full wp-image-230\" alt=\"\" srcset=\"https:\/\/rapilim.com.ar\/wp-content\/uploads\/2025\/11\/FOTO-CENTROS-DE-SALUD.jpg 800w, https:\/\/rapilim.com.ar\/wp-content\/uploads\/2025\/11\/FOTO-CENTROS-DE-SALUD-300x300.jpg 300w, https:\/\/rapilim.com.ar\/wp-content\/uploads\/2025\/11\/FOTO-CENTROS-DE-SALUD-150x150.jpg 150w, https:\/\/rapilim.com.ar\/wp-content\/uploads\/2025\/11\/FOTO-CENTROS-DE-SALUD-768x768.jpg 768w\" sizes=\"(max-width: 800px) 100vw, 800px\" \/><\/figure><div class=\"elementor-image-box-content\"><h3 class=\"elementor-image-box-title\">CENTROS DE SALUD<\/h3><p class=\"elementor-image-box-description\">Con m\u00e1s de 15 a\u00f1os de experiencia, ofrecemos limpieza profesional en hospitales, farmacias y centros de salud, con planes adaptados a cada espacio.\n<\/p><\/div><\/div>\t\t\t\t<\/div>\n\t\t\t\t<div class=\"elementor-element elementor-element-a3550a4 elementor-position-top elementor-widget elementor-widget-image-box\" data-id=\"a3550a4\" data-element_type=\"widget\" data-e-type=\"widget\" data-widget_type=\"image-box.default\">\n\t\t\t\t\t<div class=\"elementor-image-box-wrapper\"><figure class=\"elementor-image-box-img\"><img loading=\"lazy\" decoding=\"async\" width=\"800\" height=\"800\" src=\"https:\/\/rapilim.com.ar\/wp-content\/uploads\/2025\/11\/FOTO-LABORATORIOS.jpg\" class=\"elementor-animation-bounce-in attachment-full size-full wp-image-231\" alt=\"\" srcset=\"https:\/\/rapilim.com.ar\/wp-content\/uploads\/2025\/11\/FOTO-LABORATORIOS.jpg 800w, https:\/\/rapilim.com.ar\/wp-content\/uploads\/2025\/11\/FOTO-LABORATORIOS-300x300.jpg 300w, https:\/\/rapilim.com.ar\/wp-content\/uploads\/2025\/11\/FOTO-LABORATORIOS-150x150.jpg 150w, https:\/\/rapilim.com.ar\/wp-content\/uploads\/2025\/11\/FOTO-LABORATORIOS-768x768.jpg 768w\" sizes=\"(max-width: 800px) 100vw, 800px\" \/><\/figure><div class=\"elementor-image-box-content\"><h3 class=\"elementor-image-box-title\">LABORATORIOS<\/h3><p class=\"elementor-image-box-description\">Nos ocupamos de que cada \u00e1rea quede\nhigi\u00e9nica y libre de agentes nocivos, combinando limpieza y desinfecci\u00f3n de manera eficaz.\n<\/p><\/div><\/div>\t\t\t\t<\/div>\n\t\t\t\t<div class=\"elementor-element elementor-element-927792d elementor-position-top elementor-widget elementor-widget-image-box\" data-id=\"927792d\" data-element_type=\"widget\" data-e-type=\"widget\" data-widget_type=\"image-box.default\">\n\t\t\t\t\t<div class=\"elementor-image-box-wrapper\"><figure class=\"elementor-image-box-img\"><img loading=\"lazy\" decoding=\"async\" width=\"800\" height=\"800\" src=\"https:\/\/rapilim.com.ar\/wp-content\/uploads\/2025\/11\/aspiradora.jpg\" class=\"elementor-animation-bounce-in attachment-full size-full wp-image-233\" alt=\"\" srcset=\"https:\/\/rapilim.com.ar\/wp-content\/uploads\/2025\/11\/aspiradora.jpg 800w, https:\/\/rapilim.com.ar\/wp-content\/uploads\/2025\/11\/aspiradora-300x300.jpg 300w, https:\/\/rapilim.com.ar\/wp-content\/uploads\/2025\/11\/aspiradora-150x150.jpg 150w, https:\/\/rapilim.com.ar\/wp-content\/uploads\/2025\/11\/aspiradora-768x768.jpg 768w\" sizes=\"(max-width: 800px) 100vw, 800px\" \/><\/figure><div class=\"elementor-image-box-content\"><h3 class=\"elementor-image-box-title\">PLANES PERSONALIZADOS<\/h3><p class=\"elementor-image-box-description\">Programamos una limpieza mensual, quincenal o semanal, de d\u00eda o de noche, que pod\u00e9s contratar seg\u00fan tus necesidades.\n<\/p><\/div><\/div>\t\t\t\t<\/div>\n\t\t\t\t\t<\/div>\n\t\t\t\t<\/div>\n\t\t<div class=\"elementor-element elementor-element-98fd8be e-flex e-con-boxed e-con e-parent\" data-id=\"98fd8be\" data-element_type=\"container\" data-e-type=\"container\" data-settings=\"{&quot;background_background&quot;:&quot;classic&quot;}\">\n\t\t\t\t\t<div class=\"e-con-inner\">\n\t\t\t\t<div class=\"elementor-element elementor-element-0daa8af elementor-widget elementor-widget-text-editor\" data-id=\"0daa8af\" data-element_type=\"widget\" data-e-type=\"widget\" data-widget_type=\"text-editor.default\">\n\t\t\t\t\t\t\t\t\t<p dir=\"ltr\" style=\"line-height: 1.38; margin-top: 0pt; margin-bottom: 0pt;\"><span style=\"font-size: 20pt; font-family: Arial,sans-serif; color: #FFFFFF; background-color: transparent; font-weight: bold; font-style: normal; font-variant: normal; text-decoration: none; vertical-align: baseline; white-space: pre-wrap;\">\u201cCuidar los espacios es cuidar a las personas que los habitan\u201d<\/span><\/p>\t\t\t\t\t\t\t\t<\/div>\n\t\t\t\t\t<\/div>\n\t\t\t\t<\/div>\n\t\t\t\t<\/div>\n\t\t","protected":false},"excerpt":{"rendered":"<p>Servicios Desarrollamos soluciones integrales para el cuidado, mantenimiento y optimizaci\u00f3n de espacios en distintos sectores. OFICINAS Transformamos oficinas en espacios [&hellip;]<\/p>\n","protected":false},"author":1,"featured_media":0,"parent":0,"menu_order":0,"comment_status":"closed","ping_status":"closed","template":"","meta":{"site-sidebar-layout":"no-sidebar","site-content-layout":"","ast-site-content-layout":"full-width-container","site-content-style":"default","site-sidebar-style":"default","ast-global-header-display":"","ast-banner-title-visibility":"","ast-main-header-display":"","ast-hfb-above-header-display":"","ast-hfb-below-header-display":"","ast-hfb-mobile-header-display":"","site-post-title":"disabled","ast-breadcrumbs-content":"","ast-featured-img":"disabled","footer-sml-layout":"","ast-disable-related-posts":"","theme-transparent-header-meta":"","adv-header-id-meta":"","stick-header-meta":"","header-above-stick-meta":"","header-main-stick-meta":"","header-below-stick-meta":"","astra-migrate-meta-layouts":"default","ast-page-background-enabled":"default","ast-page-background-meta":{"desktop":{"background-color":"var(--ast-global-color-5)","background-image":"","background-repeat":"repeat","background-position":"center center","background-size":"auto","background-attachment":"scroll","background-type":"","background-media":"","overlay-type":"","overlay-color":"","overlay-opacity":"","overlay-gradient":""},"tablet":{"background-color":"","background-image":"","background-repeat":"repeat","background-position":"center center","background-size":"auto","background-attachment":"scroll","background-type":"","background-media":"","overlay-type":"","overlay-color":"","overlay-opacity":"","overlay-gradient":""},"mobile":{"background-color":"","background-image":"","background-repeat":"repeat","background-position":"center center","background-size":"auto","background-attachment":"scroll","background-type":"","background-media":"","overlay-type":"","overlay-color":"","overlay-opacity":"","overlay-gradient":""}},"ast-content-background-meta":{"desktop":{"background-color":"var(--ast-global-color-4)","background-image":"","background-repeat":"repeat","background-position":"center center","background-size":"auto","background-attachment":"scroll","background-type":"","background-media":"","overlay-type":"","overlay-color":"","overlay-opacity":"","overlay-gradient":""},"tablet":{"background-color":"var(--ast-global-color-4)","background-image":"","background-repeat":"repeat","background-position":"center center","background-size":"auto","background-attachment":"scroll","background-type":"","background-media":"","overlay-type":"","overlay-color":"","overlay-opacity":"","overlay-gradient":""},"mobile":{"background-color":"var(--ast-global-color-4)","background-image":"","background-repeat":"repeat","background-position":"center center","background-size":"auto","background-attachment":"scroll","background-type":"","background-media":"","overlay-type":"","overlay-color":"","overlay-opacity":"","overlay-gradient":""}},"footnotes":""},"class_list":["post-156","page","type-page","status-publish","hentry"],"_links":{"self":[{"href":"https:\/\/rapilim.com.ar\/index.php?rest_route=\/wp\/v2\/pages\/156","targetHints":{"allow":["GET"]}}],"collection":[{"href":"https:\/\/rapilim.com.ar\/index.php?rest_route=\/wp\/v2\/pages"}],"about":[{"href":"https:\/\/rapilim.com.ar\/index.php?rest_route=\/wp\/v2\/types\/page"}],"author":[{"embeddable":true,"href":"https:\/\/rapilim.com.ar\/index.php?rest_route=\/wp\/v2\/users\/1"}],"replies":[{"embeddable":true,"href":"https:\/\/rapilim.com.ar\/index.php?rest_route=%2Fwp%2Fv2%2Fcomments&post=156"}],"version-history":[{"count":109,"href":"https:\/\/rapilim.com.ar\/index.php?rest_route=\/wp\/v2\/pages\/156\/revisions"}],"predecessor-version":[{"id":604,"href":"https:\/\/rapilim.com.ar\/index.php?rest_route=\/wp\/v2\/pages\/156\/revisions\/604"}],"wp:attachment":[{"href":"https:\/\/rapilim.com.ar\/index.php?rest_route=%2Fwp%2Fv2%2Fmedia&parent=156"}],"curies":[{"name":"wp","href":"https:\/\/api.w.org\/{rel}","templated":true}]}}